, 7, 103, 1129
List the prime factors of 6488895.
3, 5, 7, 29, 2131
List the prime factors of 226785.
3, 5, 13, 1163
What are the prime factors of 3308783?
3308783
What are the prime factors of 1415363?
773, 1831
List the prime factors of 31657586.
2, 859, 18427
List the prime factors of 675481.
675481
What are the prime factors of 1741774?
2, 229, 3803
List the prime factors of 57284.
2, 14321
What are the prime factors of 523178?
2, 383, 683
List the prime factors of 5726761.
5726761
List the prime factors of 4944788.
2, 19, 65063
What are the prime factors of 1730741?
1730741
List the prime factors of 2110.
2, 5, 211
What are the prime factors of 94977?
3, 61, 173
What are the prime factors of 121830?
2, 3, 5, 31, 131
List the prime factors of 275419.
275419
What are the prime factors of 22927067?
17, 23, 191, 307
What are the prime factors of 6235470?
2, 3, 5, 79, 877
What are the prime factors of 17476683?
3, 7, 61, 1949
What are the prime factors of 3431659?
7, 11, 41, 1087
List the prime factors of 6601855.
5, 13, 47, 2161
What are the prime factors of 110845?
5, 7, 3167
What are the prime factors of 494987?
494987
What are the prime factors of 579166?
2, 7, 41, 1009
List the prime factors of 4152638.
2, 7, 47, 6311
List the prime factors of 22998699.
3, 229, 11159
List the prime factors of 40312.
2, 5039
What are the prime factors of 125871?
3, 41957
What are the prime factors of 1741399?
11, 23, 6883
List the prime factors of 571226.
2, 285613
List the prime factors of 1741984.
2, 54437
List the prime factors of 245467.
41, 5987
List the prime factors of 656178.
2, 3, 109363
List the prime factors of 85009.
85009
List the prime factors of 6728509.
53, 79, 1607
List the prime factors of 32703316.
2, 8175829
What are the prime factors of 12178608?
2, 3, 13, 29, 673
List the prime factors of 3556000.
2, 5, 7, 127
List the prime factors of 1415327.
97, 14591
What are the prime factors of 122094?
2, 3, 7, 17, 19
List the prime factors of 71995.
5, 7, 11, 17
What are the prime factors of 2093333?
11, 47, 4049
List the prime factors of 360819.
3, 47, 853
List the prime factors of 3141493.
3141493
List the prime factors of 35567147.
7, 11, 59, 7829
List the prime factors of 1849978.
2, 13, 71153
List the prime factors of 1518569.
13, 199, 587
List the prime factors of 1081796.
2, 229, 1181
List the prime factors of 19096296.
2, 3, 795679
List the prime factors of 5593792.
2, 87403
What are the prime factors of 2428038?
2, 3, 43, 3137
List the prime factors of 2728471.
2728471
List the prime factors of 6270560.
2, 5, 39191
What are the prime factors of 2558638?
2, 1279319
List the prime factors of 25129915.
5, 23, 218521
What are the prime factors of 183988?
2, 7, 6571
List the prime factors of 4536738.
2, 3, 103, 2447
List the prime factors of 10312099.
7, 229, 919
What are the prime factors of 26254385?
5, 23, 228299
List the prime factors of 1755810.
2, 3, 5, 7, 929
What are the prime factors of 201517?
201517
What are the prime factors of 45571?
199, 229
List the prime factors of 28629.
3, 3181
What are the prime factors of 1642387?
17, 5683
List the prime factors of 1174902.
2, 3, 195817
List the prime factors of 24350.
2, 5, 487
What are the prime factors of 2524398?
2, 3, 17, 24749
List the prime factors of 229544.
2, 7, 4099
What are the prime factors of 1608461?
1608461
List the prime factors of 201077.
19, 557
List the prime factors of 949529.
7, 135647
What are the prime factors of 41744656?
2, 17, 167, 919
What are the prime factors of 4384571?
461, 9511
List the prime factors of 2160205.
5, 19, 22739
List the prime factors of 3701132.
2, 97, 9539
What are the prime factors of 24183561?
3, 19, 424273
What are the prime factors of 233326?
2, 116663
What are the prime factors of 2425477?
2425477
List the prime factors of 5454906.
2, 3, 909151
What are the prime factors of 16803733?
19, 151, 5857
List the prime factors of 20009105.
5, 31, 167, 773
What are the prime factors of 17834090?
2, 5, 1783409
What are the prime factors of 1040209?
683, 1523
What are the prime factors of 1831665?
3, 5, 11, 17, 653
List the prime factors of 1122508.
2, 280627
What are the prime factors of 14667180?
2, 3, 5, 11, 71, 313
What are the prime factors of 2584621?
13, 198817
What are the prime factors of 49806?
2, 3, 2767
What are the prime factors of 16960315?
5, 23, 147481
What are the prime factors of 1467989?
1467989
What are the prime factors of 656591?
13, 17, 2971
What are the prime factors of 760184?
2, 167, 569
What are the prime factors of 2219687?
877, 2531
What are the prime factors of 4721267?
457, 10331
What are the prime factors of 384419?
7, 54917
List the prime factors of 2712133.
2712133
List the prime factors of 1652061.
3, 379, 1453
List the prime factors of 859965.
3, 5, 57331
List the prime factors of 1096743.
3, 281, 1301
List the prime factors of 27326793.
3, 13, 53899
What are the prime factors of 22338988?
2, 7, 79, 10099
List the prime factors of 14667518.
2, 59, 124301
List the prime factors of 179283.
3, 13, 4597
What are the prime factors of 336156?
2, 3, 109, 257
List the prime factors of 12437794.
2, 6218897
What are the prime factors of 263537?
263537
List the prime factors of 2309601.
3, 7, 109, 1009
What are the prime factors of 20304471?
3, 11, 41, 43, 349
What are the prime factors of 14526953?
7, 2075279
What are the prime factors of 1551525?
3, 5, 137, 151
List the prime factors of 27009808.
2, 7, 349, 691
List the prime factors of 274165.
5, 54833
What are the prime factors of 273635?
5, 54727
List the prime factors of 2596215.
3, 5, 173081
List the prime factors of 11782732.
2, 13, 347, 653
List the prime factors of 4304044.
2, 1076011
List the prime factors of 1723221.
3, 63823
List the prime factors of 2341259.
283, 8273
What are the prime factors of 1137669?
3, 13, 31, 941
What are the prime factors of 1571412?
2, 3, 17, 7703
List the prime factors of 2060991.
3, 76333
List the prime factors of 262163.
11, 23833
What are the prime factors of 3287343?
3, 1095781
What are the prime factors of 1518634?
2, 13, 4493
What are the prime factors of 1683797?
331, 5087
List the prime factors of 21950329.
283, 77563
List the prime factors of 606633.
3, 433, 467
List the prime factors of 8390418.
2, 3, 17, 43, 1913
What are the prime factors of 8155536?
2, 3, 131, 1297
List the prime factors of 229572.
2, 3, 7, 911
List the prime factors of 11956389.
3, 17, 23, 10193
What are the prime factors of 885728?
2, 89, 311
What are the prime factors of 501320?
2, 5, 83, 151
What are the prime factors of 866136?
2, 3, 151, 239
What are the prime factors of 5265315?
3, 5, 11, 967
What are the prime factors of 1686013?
7, 240859
List the prime factors of 6747471.
3, 521, 1439
What are the prime factors of 736449?
3, 7, 35069
What are the prime factors of 14855219?
14855219
List the prime factors of 2730535.
5, 101, 5407
List the prime factors of 6448212.
2, 3, 37, 47, 103
What are the prime factors of 168272?
2, 13, 809
What are the prime factors of 1832630?
2, 5, 183263
What are the prime factors of 736745?
5, 29, 5081
List the prime factors of 1621599.
3, 7, 37, 2087
What are the prime factors of 2231329?
2231329
What are the prime factors of 15513?
3, 5171
List the prime factors of 1443478.
2, 721739
What are the prime factors of 133696?
2, 2089
List the prime factors of 7366332.
2, 3, 613861
List the prime factors of 898711.
11, 81701
What are the prime factors of 9962471?
1831, 5441
What are the prime factors of 226279?
41, 5519
What are the prime factors of 3053777?
3053777
What are the prime factors of 536536?
2, 7, 11, 13, 67
What are the prime factors of 39781589?
197, 201937
List the prime factors of 1389198.
2, 3, 231533
What are the prime factors of 367439?
109, 3371
List the prime factors of 26562464.
2, 103, 8059
What are the prime factors of 281917?
151, 1867
List the prime factors of 1166567.
1166567
What are the prime factors of 6362033?
83, 76651
What are the prime factors of 367879?
367879
List the prime factors of 17595880.
2, 5, 401, 1097
What are the prime factors of 608801?
557, 1093
List the prime factors of 7410.
2, 3, 5, 13, 19
List the prime factors of 322317.
3, 59, 607
List the prime factors of 219